2 + -25)*1/(-5)*-5 a prime number?
True
Let b = -23 + 529. Let y = -249 + b. Let t = 242 + y. Is t a composite number?
False
Let s(c) = 916*c + 27. Suppose 56 = 5*u + 4*d, 6 = 2*u - 2*d - 2. Is s(u) composite?
True
Let o(l) = 686*l**3 - 2*l**2 - 11*l + 32. Is o(3) prime?
True
Suppose -12*x + 419385 = 12*x - 55071. Is x a prime number?
False
Suppose -3*v + 4*a = -1 + 4, v + a - 6 = 0. Suppose 62*z + 152560 = 32*z + 110*z. Suppose 3*k - 1919 = -4*m + v*m, 0 = m - 3*k - z. Is m a composite number?
False
Let j = -128 + 416. Let k be (469/3)/((-4)/j*-2). Is (-2 - k/(-16))*4 a composite number?
False
Suppose -4*n - 4*l = -12, -5*n + 3*l = -3 + 28. Let s be (-8778)/(-12) - (-1)/n. Suppose -s - 4299 = -2*m. Is m composite?
True
Let o be (-3)/6 - (-1021755)/14. Suppose -o + 3584 = -14*t. Is t a prime number?
True
Suppose 0 = -27*h + 478841 + 1596676. Is h a composite number?
False
Suppose 61*z = 66*z - 30. Let d be z/(-51) - 7148/(-68). Let c = d - -148. Is c a prime number?
False
Is 11387 - 7 - (-3 - 4) a prime number?
False
Is 769877 - ((-192)/(-8) + -8 + -10) composite?
False
Let r(j) = 19*j**3 - 61*j**2 - 55*j - 5. Let a(y) = -10*y**3 + 31*y**2 + 28*y + 3. Let p(m) = -7*a(m) - 4*r(m). Is p(-10) a prime number?
False
Suppose -4*w + 201600 = 70852. Is w composite?
False
Let g(i) = -3667*i. Let y be g(-1). Let f be 2045 - ((-10)/(3 - 8) + -3). Let x = y - f. Is x a composite number?
False
Let m(v) = -39*v - 141. Let b be (-85)/4 + 90/(-120). Is m(b) a composite number?
True
Let v(s) = 1909*s - 96. Is v(11) a prime number?
True
Let t be -2 + (-3)/(2 - -1). Let l be t/(((-3)/(-2))/((-90330)/10)). Suppose -6*p + 0*p = -l. Is p a composite number?
False
Let b(z) = 148*z + 993. Let l(p) = -37*p - 212. Let y(u) = -2*b(u) - 9*l(u). Suppose 2*w = 0, 2*c - 2*w - 22 = -0*w. Is y(c) a prime number?
False
Let c = 340 - 335. Suppose 5*d = 4*g - 13703, -c*g + 0*d + 17130 = -5*d. Is g a prime number?
False
Let f(m) = 1086*m - 137 + 913*m + 111. Let j be f(16). Let x = j + -21921. Is x a prime number?
True
Suppose 0 = -8*h + 37 + 43. Suppose h*p = 14*p - 20168. Is p a prime number?
False
Let i(h) = 0*h + 29*h - 286*h + 18. Let j be i(-13). Suppose -k + 5*u - 4458 = -5*k, 3*k = 4*u + j. Is k a prime number?
True
Suppose -5*u = 4*b - 22, -5*b + 3*u = -2*u - 5. Is 4267/(12/b - (0 - -3)) a composite number?
True
Is (-516886 + 1)*-3 + 2 a prime number?
False
Suppose -30514 + 13307 - 32278 = -15*s. Is s prime?
True
Let q(d) = -23*d**3 - 52*d**2 - 7*d + 10. Let t be q(-6). Suppose 1823 = 3*n - t. Is n a composite number?
False
Is -2253*13/((-208)/8)*524/6 composite?
True
Let a(m) = -183*m - 3262. Is a(-33) composite?
False
Suppose 91*r = -73*r + 95*r + 20731947. Is r a composite number?
False
Let h(y) be the first derivative of 83*y**2/2 - 3*y - 78. Suppose 8 = 3*a + a. Is h(a) a composite number?
False
Let c(g) = -g**3 + 21*g**2 - 35*g - 17. Let i be (80/(-15))/(3 - 30/9). Is c(i) prime?
False
Let r = 25 + -25. Suppose 0 = -l + 2*j - 4, 5*l + r*l - 55 = -5*j. Suppose -77 = l*k - 383. Is k a prime number?
False
Let k(v) = 61*v**2 - 75*v + 51. Let f be k(-25). Suppose -26441 = -36*i + f. Is i composite?
False
Suppose -17*r - 46*r = -960733 - 571364. Is r a composite number?
True
Let c be -5 - -7 - 3*856. Is (1 - 2 - 6)/(2/c) prime?
False
Let y be 3 + 1 - (-6)/(-3)*-1. Let z(n) = -n**3 + 9*n**2 + 8*n + 8. Let o be z(10). Is -1*(y/o)/(2/4996) a prime number?
True
Suppose -3*i = -2*a - 5, 0*a = -5*a + 10. Suppose -4*y + 21 = -3*q, 3*y + 35 = -8*q + i*q. Let t(j) = 12*j**2 - 17. Is t(q) prime?
True
Let u(f) = 3*f**2 - 12*f - 19. Let n(o) = -2*o - 32. Let v be n(-21). Suppose v + 4 = -x. Is u(x) a composite number?
True
Let k = 6341 + -12169. Suppose 3*z - 29777 - 5974 = 0. Let m = z + k. Is m a prime number?
True
Let y = 640 - 635. Is (-1)/y - (-4 - (-106968)/(-15)) a composite number?
True
Suppose 8*w - 21 = o + 12*w, w = -4*o - 24. Is o + -100*(-7 - 3) a composite number?
True
Let p = 2066 - 811. Let s = 6422 - p. Is s a prime number?
True
Suppose -7*n + 10*n - 50915 = -4*a, 0 = 3*a + 3*n - 38184. Is a prime?
False
Suppose -2*f = -4*p - 2, -9 = 2*p - 5*f + 12. Let q be (p/(-3) + 20165/(-15))*-2. Let k = q - 1533. Is k a prime number?
False
Let d be (-1 - -3)*(-14)/12*-3. Suppose -16 + d = -r. Suppose r*h - 4*h = 9865. Is h prime?
True
Suppose 3*d - 220298 = -4*h, -23*h - 3*d + 4571 + 1262114 = 0. Is h a prime number?
True
Let f = 50631 - 578415. Is (3/9)/(-2 + (-1055576)/f) a prime number?
True
Suppose 2*q - 522470 = -2*b, 2*q - 13*b + 9*b = 522482. Is q/21 + (-144)/168 a prime number?
False
Let j(b) = 17*b**3 + 8*b**2 + 7*b + 5. Let m be j(6). Let f = m - 1881. Is f composite?
True
Let x be -2 + (-2007)/(-225) + (-14)/(-175). Let n be (-4)/18 + (-40)/(-18). Suppose 0 = 5*z + 2*o - 29589, 5*o - x*o + 11832 = n*z. Is z a composite number?
True
Suppose 5*s + j = 800250, -33*s + 7*j = -34*s + 160084. Is s prime?
True
Suppose 2*l + 39 = 3*m, 132 - 26 = -5*l - m. Is 673 - 1*6*14/l a composite number?
False
Let w(j) = j**3 - j**2 - j - 2. Let a be w(2). Suppose c + 395 + 956 = 3*s, a = c - 5. Let d = s - 289. Is d prime?
True
Suppose 15*f = 14 + 16. Is 2/(f/35729)*(47 + -46) a prime number?
True
Suppose 3*a + 389*k - 105594 = 386*k, 140810 = 4*a - 2*k. Is a composite?
False
Let h(k) = -5*k - 2. Let b(r) = 3*r - 19. Let a be b(6). Let z be h(a). Is 1 + (z + 210 - 3) a composite number?
False
Suppose 0 = 58*p - 19200466 - 6682672. Is p a prime number?
True
Suppose -2*o - 5*h + 20 = 0, o = -5*h + 14 + 1. Suppose -o*w + 6528 = -3*m, 5 + 7 = 3*m. Suppose -k - 3*k + w = z, -4*z + 1320 = 4*k. Is k a composite number?
True
Suppose -t - 22 + 14 = 0, -2*s - t + 219566 = 0. Is s a prime number?
False
Let x = -30641 + 21197. Let z = 2023 - x. Is z prime?
True
Suppose -2*s + 5*l + 729970 = 0, -s + 1448*l - 1444*l + 364985 = 0. Is s a prime number?
False
Suppose 0 = 2*p + 2, -16 - 93 = -5*f - p. Let v = 388 - 361. Suppose -f*c = -v*c + 2405. Is c composite?
True
Suppose w + 20 = -4*l, 3*w + 16 = -5*l + 4*w. Let y be (l + 2)*1 + (7 - 2). Is (5 - (-704)/y)/(1/3) a prime number?
True
Let a(s) = 65*s - 22. Let j(g) = -43*g + 15. Suppose 4*w = 5*z - 3*z + 18, -3*w = 3*z - 18. Let l(b) = w*a(b) + 7*j(b). Is l(4) composite?
True
Let u = -77 + 101. Let s(v) = 303*v + 70. Is s(u) a prime number?
False
Suppose 0 = -l + 5*z - 289, -4*z = -z + 9. Let i be l/56 - (-4)/(-7). Is i/9*3 + 445 prime?
True
Let l(i) = -2*i + 14. Let r be l(7). Suppose -58 = 3*s - 2*u - 6577, r = 2*u. Is s prime?
False
Let u be (3 + 4 + -1)/((-14)/1659). Let m = -226 - u. Is m prime?
False
Let w be (-92)/(-28) + 0 - 4/14. Let p be (w + 1)*45/(-12). Let a(t) = -95*t - 32. Is a(p) composite?
True
Is (-10644)/36*-453 - 18 prime?
True
Suppose -3*b = 5*s - 5*b - 7, 0 = 5*s + b - 19. Suppose -s*p + 6*p = -3*c + 5868, 3*p - 5893 = 2*c. Is p composite?
True
Suppose -2*a = 5*y - 73963, 5*a - 155499 = 3*y + 29455. Is a prime?
False
Let v(u) = -5*u**3 + 5*u**2 + 11*u + 23. Let b = -105 + 99. Is v(b) a prime number?
True
Let a = -110 + 1474. Suppose -y + 0*w = -w - a, 3*w + 5455 = 4*y. Is y composite?
True
Let z(d) = -d**3 - 53*d**2 - 53*d - 66. Let y be z(-52). Is 1*38507/y*-1*2 composite?
False
Suppose 1257503 = 2*h - 3*m, 3*m - 3274043 = -5*h - 130359. Is h composite?
True
Let p = -1022 - -402. Let x be 1/(2 - 1) - p. Suppose -755 = -2*u - 3*c, -x = -5*u + c + 1275. Is u a composite number?
False
Suppose -5*b = 4*p - 796, 5*p - b = p + 772. Suppose -d + w - p = -2*d, 5*w = 15. Is d composite?
False
Suppose -48*b = -5*h - 45*b + 679891, -2*h + 271944 = 5*b. Is h prime?
True
Let u(q) = 235*q + 31371. Is u(0) a prime number?
False
Suppose 11*p + 823406 = 34*p - 1431813. Is p prime?
False
Let i(f) = -f**3 - 2*f**2 - 4. Let x be i(-3). Suppose -2*d = -4*c - 2384 - 802, x = d. Let m = 891 - c. Is m a prime number?
False
Suppose 80 = 133*o - 128*o. Let u(z) = 2*z**2 - 21*z + 89. Is u(o) prime?
False
Suppose -3*d + d - 5*m = 2595, m = -4*d - 5235. Let q = 758 + d. Let h = q - -2095. Is h a composite number?
False
Suppose 0 = -2*a + 3*a - 3*v + 252, a - 4*v + 254 = 0. Let n = a + 493. Let m = n - 62. Is m a prime number?
False
Suppose 5*h - 24 = -3*h. Suppose -1029 = -h*t - 4*t. Suppose 5*g + 156 = b, g + t = b - g. Is b prime?
False
Let y = -640